se -9*t + 690 = -3*t. Is t a composite number?
True
Suppose -8*o = -6*o - 52. Is o composite?
True
Suppose 4*v - 3*n - 571 = 0, -3*v = -2*v + n - 148. Is v prime?
False
Is (611 - 0)/(-1 + 2) prime?
False
Suppose 6*k - 1146 = -0*k. Is k composite?
False
Let j = -175 - -264. Is j a composite number?
False
Let r(p) = 4 - 2*p**3 - 4*p - 3*p**2 + 0*p**3 - 7 + 0. Is r(-4) prime?
False
Suppose 3 = -s - q - 7, 3*s + 32 = -4*q. Let c be s/2*(-50)/4. Let g = c - 31. Is g a prime number?
True
Let h = 1 + -1. Suppose h = -t - t + 10. Suppose t*z - 9 = 26. Is z a prime number?
True
Suppose 0 = 3*s - 4*s + 502. Suppose -n = n - s. Is n prime?
True
Let o(r) = 2*r - 2 + 2*r**3 - 3*r**3 + 7*r**2 - r. Is o(3) a prime number?
True
Is 0/2 - (-1084 - 13) composite?
False
Let i(d) = 8*d**2 - 7. Let u be i(5). Is (5 - 7) + u + 0 composite?
False
Let n(a) = 6*a**2 - 9*a + 29. Is n(12) a prime number?
False
Let m(u) = 2*u - 1. Let n be m(2). Let a be (-10)/4 - n/6. Is 0 - (-2 - (-2 - a)) prime?
True
Let h(r) = -r**3 - 5*r**2 + 3. Let o be h(-5). Suppose -3*l = -o*z - 273, -483 = -5*l - 0*z - 2*z. Is l a prime number?
False
Let p = 624 + 59. Is p prime?
True
Let x = 4 - 4. Suppose x = -4*p - p + 435. Is p a prime number?
False
Suppose 10*u - 9*u - 1 = 0. Suppose 8 = -2*y - 2*y. Is ((-1251)/18)/(u/y) a composite number?
False
Let u(v) = 7 - 5 - 15*v - v - v. Let b = -8 - -5. Is u(b) composite?
False
Let a(d) = 3*d - 8*d**2 + 6*d**2 + 14*d**2 - d - 3. Is a(3) a composite number?
True
Is (905/(-10))/(3/(-6)*1) composite?
False
Is -2829*4/(-24)*2 prime?
False
Let u(c) = -2 - 6*c + 8*c**2 - 2*c**3 + 2 - 5 + c**3. Is u(6) a prime number?
True
Let z(n) = -n**2 - 3*n + 4. Let o be z(-5). Let i be (-4)/o + (-161)/3. Let x = 5 - i. Is x composite?
True
Let n(v) = -2*v**2 - v. Let z(x) = -x**2 + x + 1. Let b(h) = -n(h) - z(h). Let y be b(-1). Is 79 + 1 - 1 - y prime?
False
Suppose 5*r - 9 - 1 = 0. Suppose -2*p + r*k + 2 = -0, 0 = p - 3*k - 5. Is (94/4)/(p/(-2)) composite?
False
Let z be 5/2 + (-3)/(-2). Suppose -2*p - 336 = -z*u, 4*p - 156 = -2*u - p. Is u a composite number?
False
Suppose 16 = -p + 71. Is p prime?
False
Let f = 139 + -17. Let r = f - 55. Is r prime?
True
Let n(r) = -r**3 + 8*r**2 + 3. Let j be n(8). Let t(q) = 1 + q**2 - 2*q - j + 6. Is t(5) a prime number?
True
Let u be (-2)/(-3) + (-70)/6. Let p = -4 - u. Suppose -p*f + 275 = -2*f. Is f prime?
False
Let h = -71 + 126. Is h a prime number?
False
Let o(u) = 6*u**2 + u + 2. Let q be o(-2). Suppose t + q = 5*t. Let b(h) = h**2 - 4*h - 3. Is b(t) composite?
True
Let x = -98 - -57. Let o = 6 - x. Is o a composite number?
False
Let q(g) be the third derivative of -53*g**6/120 + g**5/60 + g**4/24 + g**3/6 + 3*g**2. Is q(-2) a prime number?
False
Suppose z + 20 = 6*z. Let f = z + 3. Is f a composite number?
False
Let s = -5277 - -9266. Is s composite?
False
Suppose -4*a - 1135 = -187. Let u = 338 + a. Suppose -4*h = -369 + u. Is h a composite number?
False
Suppose -2 - 10 = -2*t. Let n be ((-40)/t)/((-2)/51). Suppose 6*d - d - n = 0. Is d composite?
True
Suppose -4*r - 312 = -1316. Is r composite?
False
Let c = 25 - 22. Suppose 5*n - 4*v + 0*v = 427, -c*v = 2*n - 180. Is n composite?
True
Suppose -5*m = -2*x - x - 13, 0 = -3*m + 5*x - 5. Suppose 422 = m*d - 3*d. Is d composite?
False
Let o(r) = -2*r**3 - 3*r**2 - 4*r - 2. Let j = 4 + 0. Suppose 3*q = 5*x + 34 - 12, 3*q = j*x + 20. Is o(x) a composite number?
True
Let h(m) = m**2 - 5*m - 3. Let j be h(6). Suppose 0*o = -j*a + o + 68, -3*o + 82 = 4*a. Is a composite?
True
Let v = 589 - 330. Is v a prime number?
False
Let a(h) = -2*h**3 - 6*h**2 - h - 1. Let u be (6/4 - 2)*0. Let w = -4 + u. Is a(w) a prime number?
False
Suppose 0 = 5*a + 183 - 883. Suppose -3*i = -a - 61. Is i a composite number?
False
Suppose 2*n = -n + 36. Is ((-8)/n)/(4/(-258)) a prime number?
True
Suppose 2*j + 25 = -j - 2*z, 0 = -2*j - 5*z - 13. Let f be (2 + -5)/j*-6. Is (-114)/f + 0 + -2 prime?
False
Let o be ((-6)/(-6))/(1/17). Let h = o - 1. Let a = h + 7. Is a a prime number?
True
Let i = 95 - -324. Is i composite?
False
Let n be 3*(0 - 1 - -2). Suppose n*a - 35 = -3*k + 181, -2*a = -2*k - 124. Is a composite?
False
Suppose 12 + 3 = 3*p. Let d(b) = 9*b - 2. Is d(p) prime?
True
Suppose 2*d - 2*w - 176 = 0, 2*w = -3*d - 0*d + 284. Suppose -d + 322 = 5*i. Suppose -3*j + 217 = 5*m, i + 13 = j + 5*m. Is j prime?
True
Let g = 265 - 144. Is g a prime number?
False
Let m(d) = 5*d**3 - 3*d**3 - d**3 + 6 + 6*d**2. Let v be (-11)/2 - 1/2. Is m(v) a composite number?
True
Suppose x + 4*x + f = 27, 0 = -2*x - 4*f. Suppose 0 = -l + x*l - 15. Suppose s = -l*k - 2*k + 180, -4*s - 85 = -3*k. Is k a composite number?
True
Is (33/6)/(2/12) composite?
True
Suppose -158 - 92 = -4*p + 2*t, -4*p - 2*t + 246 = 0. Let b = 30 - p. Let j = b + 65. Is j a composite number?
True
Let w be 2/(-9) + 190/45. Suppose -5*j = 2*i - 433, -i - w*i - 266 = -3*j. Is j composite?
True
Suppose -5*m = -0*m - 3455. Is m composite?
False
Suppose 7 + 8 = 5*l, 3 = -s + l. Suppose s = -2*g + 234 - 4. Is g a composite number?
True
Let n(u) = u**2 - 4*u + 5. Let l be n(4). Suppose l*i - 98 - 237 = 0. Is i prime?
True
Suppose 5*l = 2*l + 21. Suppose 2*s = s + l. Is s composite?
False
Let b(m) = -3*m**2 + 4*m - 3*m**2 + m**3 - 4 + m**2 - 3. Is b(6) composite?
False
Let w be (3 - 2)/(2/318). Suppose 0 = 5*u - 934 + w. Is u a prime number?
False
Is (127/(-5))/(((-6)/(-15))/(-2)) prime?
True
Let f(m) = -11*m - 1 - 1 - 16*m. Let x be 12/(-8)*(4 + -2). Is f(x) composite?
False
Suppose 0 = 2*o + t - 266, -2*o + 290 = -t - 4*t. Suppose -4*f = f + o. Let d = -12 - f. Is d a prime number?
False
Let w(y) = 215*y**2 + 4*y + 8. Is w(-3) prime?
True
Is (-4 + (4 - -1))*49 a composite number?
True
Suppose 0 = -9*h + 425 + 1960. Is h a composite number?
True
Let p(r) be the third derivative of -11*r**4/4 + r**3/6 + r**2. Let k be p(-2). Let x = -94 + k. Is x a composite number?
True
Suppose 0 = 3*q + 3 - 9. Suppose 0 = 3*f + 4*m - 51, 2*f + q*m = m + 39. Is f prime?
False
Suppose 0 = -5*q + 10, -2*s + 0*q + q = -228. Is s a composite number?
True
Let x be (-6)/15 + 65/(-25). Is (-1840)/(-6) - x/9 composite?
False
Let t(h) = h**3 - 7*h**2 + 2*h - 1. Is t(12) a composite number?
False
Is -1 + 2521 + (10 - 15) composite?
True
Suppose 0 = 5*f - 4*f + 2*r + 11, 0 = 5*f - 2*r + 31. Let j(m) = m**2 - 2*m - 4. Let i be j(f). Let k = i - 34. Is k a prime number?
False
Is 5025/12 + (-6)/(-24) a prime number?
True
Suppose -2*z + 1280 = 508. Is z a composite number?
True
Suppose 3*d + 0*y - 3*y - 12 = 0, -4*d - 2*y = -40. Let p(c) = -1 + 8*c - d*c + c**2 + 26*c**3. Is p(1) composite?
True
Let p(o) = o**2 - 6*o - 17. Is p(-9) composite?
True
Let p = -392 - -553. Is p a composite number?
True
Suppose -95 = n - 298. Is n composite?
True
Let n(m) = -m**3 + 3*m**2. Let d be n(3). Suppose d = -3*f + 3*z + 60, 2*f = -2*f + 5*z + 81. Suppose 5*x = -a + f, 5*a - 95 = x - 3*x. Is a a composite number?
False
Let r(p) = -3*p + 7. Let s be r(-9). Let l = 57 - s. Is l prime?
True
Let g(u) = -5*u + 8. Suppose -5*v - 12 = -2*v. Let l be (-3)/v + (-39)/4. Is g(l) a composite number?
False
Let t = 1410 + -687. Is t a composite number?
True
Let i = 378 + 374. Let f = -529 + i. Is f prime?
True
Suppose 0 = 6*i - 2*i - 904. Is i a composite number?
True
Let g = 354 - 153. Is g a composite number?
True
Let j = -87 - -134. Is j composite?
False
Let v = -20 + 34. Suppose 0 = 3*q - 4*t + v, 2*q = 3*q + 4*t - 22. Is q a composite number?
False
Let q(c) = c**2 - 4*c - 8. Let f be q(6). Suppose -z + f*o = 0, 3*o - 7*o = 0. Suppose 0 = -z*t - 4*t + 28. Is t composite?
False
Let y = 0 - -2. Suppose -y*q + 76 = -14. Let j = q + 2. Is j prime?
True
Let r = 17 + -53. Let f = 41 - r. Is f a composite number?
True
Let t(i) = -2*i**3 - 4*i + 1. Let a be t(3). Let z be a/(-9) + 2/(-9). Suppose -z = g - 38. Is g prime?
True
Let l(w) = w**3 + 2*w - 2. Let a be ((-15)/(-10))/(3/4). Let q be l(a). Suppose 2*t - t = q. Is t a prime number?
False
Is (-1478260)/(-160) + 1/(-8) a prime number?
True
Suppose -3*k - 1122 = -9621. Is k prime?
True
Let d = -2 - -4. Suppose -2*u - d*u = -4*c - 128, -4*c + 20 = 0. Is u composite?
False
Let k(u) = 3*u**2 - u + 1. Let i be k(-2). Is (-50)/i*(-21)/2 composite?
True
Is (-1